{"id":647,"date":"2022-12-07T01:40:01","date_gmt":"2022-12-07T01:40:01","guid":{"rendered":"http:\/\/restauracja-mewa.pl\/wordpress\/?page_id=647"},"modified":"2024-09-03T19:01:06","modified_gmt":"2024-09-03T19:01:06","slug":"catering","status":"publish","type":"page","link":"https:\/\/restauracja-mewa.pl\/wordpress\/catering\/","title":{"rendered":"Catering"},"content":{"rendered":"\t\t<div data-elementor-type=\"wp-page\" data-elementor-id=\"647\" class=\"elementor elementor-647\">\n\t\t\t\t\t\t\t\t\t<section class=\"elementor-section elementor-top-section elementor-element elementor-element-5c89a02 elementor-section-boxed elementor-section-height-default elementor-section-height-default qodef-elementor-content-no\" data-id=\"5c89a02\" data-element_type=\"section\" data-settings=\"{&quot;background_background&quot;:&quot;classic&quot;}\">\n\t\t\t\t\t\t\t<div class=\"elementor-background-overlay\"><\/div>\n\t\t\t\t\t\t\t<div class=\"elementor-container elementor-column-gap-no\">\n\t\t\t\t\t<div class=\"elementor-column elementor-col-100 elementor-top-column elementor-element elementor-element-4aa8cc6\" data-id=\"4aa8cc6\" data-element_type=\"column\">\n\t\t\t<div class=\"elementor-widget-wrap elementor-element-populated\">\n\t\t\t\t\t\t\t\t<div class=\"elementor-element elementor-element-822e8f2 elementor-widget elementor-widget-heading\" data-id=\"822e8f2\" data-element_type=\"widget\" data-widget_type=\"heading.default\">\n\t\t\t\t<div class=\"elementor-widget-container\">\n\t\t\t<style>\/*! elementor - v3.8.1 - 13-11-2022 *\/\n.elementor-heading-title{padding:0;margin:0;line-height:1}.elementor-widget-heading .elementor-heading-title[class*=elementor-size-]>a{color:inherit;font-size:inherit;line-height:inherit}.elementor-widget-heading .elementor-heading-title.elementor-size-small{font-size:15px}.elementor-widget-heading .elementor-heading-title.elementor-size-medium{font-size:19px}.elementor-widget-heading .elementor-heading-title.elementor-size-large{font-size:29px}.elementor-widget-heading .elementor-heading-title.elementor-size-xl{font-size:39px}.elementor-widget-heading .elementor-heading-title.elementor-size-xxl{font-size:59px}<\/style><h1 class=\"elementor-heading-title elementor-size-default\">Catering<\/h1>\t\t<\/div>\n\t\t\t\t<\/div>\n\t\t\t\t\t<\/div>\n\t\t<\/div>\n\t\t\t\t\t\t\t<\/div>\n\t\t<\/section>\n\t\t\t\t<section class=\"elementor-section elementor-top-section elementor-element elementor-element-8e01509 elementor-section-full_width elementor-section-content-middle elementor-section-height-default elementor-section-height-default qodef-elementor-content-no\" data-id=\"8e01509\" data-element_type=\"section\">\n\t\t\t\t\t\t<div class=\"elementor-container elementor-column-gap-no\">\n\t\t\t\t\t<div class=\"elementor-column elementor-col-50 elementor-top-column elementor-element elementor-element-1b113bf\" data-id=\"1b113bf\" data-element_type=\"column\">\n\t\t\t<div class=\"elementor-widget-wrap elementor-element-populated\">\n\t\t\t\t\t\t\t\t<div class=\"elementor-element elementor-element-680fe1b elementor-widget elementor-widget-image\" data-id=\"680fe1b\" data-element_type=\"widget\" data-widget_type=\"image.default\">\n\t\t\t\t<div class=\"elementor-widget-container\">\n\t\t\t<style>\/*! elementor - v3.8.1 - 13-11-2022 *\/\n.elementor-widget-image{text-align:center}.elementor-widget-image a{display:inline-block}.elementor-widget-image a img[src$=\".svg\"]{width:48px}.elementor-widget-image img{vertical-align:middle;display:inline-block}<\/style>\t\t\t\t\t\t\t\t\t\t\t\t<img loading=\"lazy\" decoding=\"async\" width=\"1280\" height=\"853\" src=\"https:\/\/restauracja-mewa.pl\/wordpress\/wp-content\/uploads\/2024\/09\/sausage-sausage-platter-meal-4473989.jpg\" class=\"attachment-full size-full\" alt=\"sausage, sausage platter, meal-4473989.jpg\" srcset=\"https:\/\/restauracja-mewa.pl\/wordpress\/wp-content\/uploads\/2024\/09\/sausage-sausage-platter-meal-4473989.jpg 1280w, https:\/\/restauracja-mewa.pl\/wordpress\/wp-content\/uploads\/2024\/09\/sausage-sausage-platter-meal-4473989-300x200.jpg 300w, https:\/\/restauracja-mewa.pl\/wordpress\/wp-content\/uploads\/2024\/09\/sausage-sausage-platter-meal-4473989-1024x682.jpg 1024w, https:\/\/restauracja-mewa.pl\/wordpress\/wp-content\/uploads\/2024\/09\/sausage-sausage-platter-meal-4473989-768x512.jpg 768w\" sizes=\"auto, (max-width: 1280px) 100vw, 1280px\" \/>\t\t\t\t\t\t\t\t\t\t\t\t\t\t\t<\/div>\n\t\t\t\t<\/div>\n\t\t\t\t\t<\/div>\n\t\t<\/div>\n\t\t\t\t<div class=\"elementor-column elementor-col-50 elementor-top-column elementor-element elementor-element-f77bcdb\" data-id=\"f77bcdb\" data-element_type=\"column\">\n\t\t\t<div class=\"elementor-widget-wrap elementor-element-populated\">\n\t\t\t\t\t\t\t\t<section class=\"elementor-section elementor-inner-section elementor-element elementor-element-4adf9a2 elementor-section-boxed elementor-section-height-default elementor-section-height-default qodef-elementor-content-no\" data-id=\"4adf9a2\" data-element_type=\"section\">\n\t\t\t\t\t\t<div class=\"elementor-container elementor-column-gap-no\">\n\t\t\t\t\t<div class=\"elementor-column elementor-col-100 elementor-inner-column elementor-element elementor-element-1491868\" data-id=\"1491868\" data-element_type=\"column\">\n\t\t\t<div class=\"elementor-widget-wrap elementor-element-populated\">\n\t\t\t\t\t\t\t\t<div class=\"elementor-element elementor-element-ca16866 elementor-position-left elementor-widget__width-initial elementor-widget-mobile__width-inherit elementor-vertical-align-top elementor-widget elementor-widget-image-box\" data-id=\"ca16866\" data-element_type=\"widget\" data-widget_type=\"image-box.default\">\n\t\t\t\t<div class=\"elementor-widget-container\">\n\t\t\t<style>\/*! elementor - v3.8.1 - 13-11-2022 *\/\n.elementor-widget-image-box .elementor-image-box-content{width:100%}@media (min-width:768px){.elementor-widget-image-box.elementor-position-left .elementor-image-box-wrapper,.elementor-widget-image-box.elementor-position-right .elementor-image-box-wrapper{display:-webkit-box;display:-ms-flexbox;display:flex}.elementor-widget-image-box.elementor-position-right .elementor-image-box-wrapper{text-align:right;-webkit-box-orient:horizontal;-webkit-box-direction:reverse;-ms-flex-direction:row-reverse;flex-direction:row-reverse}.elementor-widget-image-box.elementor-position-left .elementor-image-box-wrapper{text-align:left;-webkit-box-orient:horizontal;-webkit-box-direction:normal;-ms-flex-direction:row;flex-direction:row}.elementor-widget-image-box.elementor-position-top .elementor-image-box-img{margin:auto}.elementor-widget-image-box.elementor-vertical-align-top .elementor-image-box-wrapper{-webkit-box-align:start;-ms-flex-align:start;align-items:flex-start}.elementor-widget-image-box.elementor-vertical-align-middle .elementor-image-box-wrapper{-webkit-box-align:center;-ms-flex-align:center;align-items:center}.elementor-widget-image-box.elementor-vertical-align-bottom .elementor-image-box-wrapper{-webkit-box-align:end;-ms-flex-align:end;align-items:flex-end}}@media (max-width:767px){.elementor-widget-image-box .elementor-image-box-img{margin-left:auto!important;margin-right:auto!important;margin-bottom:15px}}.elementor-widget-image-box .elementor-image-box-img{display:inline-block}.elementor-widget-image-box .elementor-image-box-title a{color:inherit}.elementor-widget-image-box .elementor-image-box-wrapper{text-align:center}.elementor-widget-image-box .elementor-image-box-description{margin:0}<\/style><div class=\"elementor-image-box-wrapper\"><div class=\"elementor-image-box-content\"><h3 class=\"elementor-image-box-title\">Nasza oferta<\/h3><p class=\"elementor-image-box-description\">Uzupe\u0142nieniem oferty restauracji jest us\u0142uga cateringowa z zapewnieniem kompleksowej obs\u0142ugi gastronomicznej dla Pa\u0144stwa wydarzenia. Specjalizujemy si\u0119 w&nbsp;przygotowaniu niepowtarzalnych przyj\u0119\u0107, kt\u00f3re indywidualnie dopasowujemy do potrzeb i&nbsp;okoliczno\u015bci naszych Klient\u00f3w. Organizujemy zar\u00f3wno kameralne przyj\u0119cia rodzinne, jak r\u00f3wnie\u017c bankiety firmowe. Nasza oferta obejmuje&nbsp;doradztwo w&nbsp;dopasowaniu menu stosownie do&nbsp;charakteru imprezy, upodoba\u0144 oraz ilosci go\u015bci. Dodatkowo oferujemy pe\u0142n\u0105, profesjonaln\u0105 obs\u0142ug\u0119 przyj\u0119cia z eleganck\u0105 zastaw\u0105 i do\u015bwiadczonymi kelnerami. Zapewniamy dow\u00f3z na terenie Nowego S\u0105cza oraz najbli\u017cszej okolicy. Mo\u017cliwy jest r\u00f3wnie\u017c odbi\u00f3r osobisty.<\/p><\/div><\/div>\t\t<\/div>\n\t\t\t\t<\/div>\n\t\t\t\t\t<\/div>\n\t\t<\/div>\n\t\t\t\t\t\t\t<\/div>\n\t\t<\/section>\n\t\t\t\t\t<\/div>\n\t\t<\/div>\n\t\t\t\t\t\t\t<\/div>\n\t\t<\/section>\n\t\t\t\t<section class=\"elementor-section elementor-top-section elementor-element elementor-element-cc2b945 elementor-hidden-mobile elementor-section-boxed elementor-section-height-default elementor-section-height-default qodef-elementor-content-no\" data-id=\"cc2b945\" data-element_type=\"section\" data-settings=\"{&quot;background_background&quot;:&quot;classic&quot;}\">\n\t\t\t\t\t\t\t<div class=\"elementor-background-overlay\"><\/div>\n\t\t\t\t\t\t\t<div class=\"elementor-container elementor-column-gap-no\">\n\t\t\t\t\t<div class=\"elementor-column elementor-col-100 elementor-top-column elementor-element elementor-element-87fd74d\" data-id=\"87fd74d\" data-element_type=\"column\">\n\t\t\t<div class=\"elementor-widget-wrap\">\n\t\t\t\t\t\t\t\t\t<\/div>\n\t\t<\/div>\n\t\t\t\t\t\t\t<\/div>\n\t\t<\/section>\n\t\t\t\t<section class=\"elementor-section elementor-top-section elementor-element elementor-element-cea52f4 elementor-section-full_width elementor-section-content-middle elementor-reverse-mobile elementor-section-height-default elementor-section-height-default qodef-elementor-content-no\" data-id=\"cea52f4\" data-element_type=\"section\">\n\t\t\t\t\t\t<div class=\"elementor-container elementor-column-gap-no\">\n\t\t\t\t\t<div class=\"elementor-column elementor-col-50 elementor-top-column elementor-element elementor-element-1b657eb\" data-id=\"1b657eb\" data-element_type=\"column\">\n\t\t\t<div class=\"elementor-widget-wrap elementor-element-populated\">\n\t\t\t\t\t\t\t\t<section class=\"elementor-section elementor-inner-section elementor-element elementor-element-aa059f9 elementor-section-boxed elementor-section-height-default elementor-section-height-default qodef-elementor-content-no\" data-id=\"aa059f9\" data-element_type=\"section\">\n\t\t\t\t\t\t<div class=\"elementor-container elementor-column-gap-no\">\n\t\t\t\t\t<div class=\"elementor-column elementor-col-100 elementor-inner-column elementor-element elementor-element-1c7eeab\" data-id=\"1c7eeab\" data-element_type=\"column\">\n\t\t\t<div class=\"elementor-widget-wrap elementor-element-populated\">\n\t\t\t\t\t\t\t\t<div class=\"elementor-element elementor-element-9cfc274 elementor-position-left elementor-widget__width-initial elementor-widget-mobile__width-inherit elementor-vertical-align-top elementor-widget elementor-widget-image-box\" data-id=\"9cfc274\" data-element_type=\"widget\" data-widget_type=\"image-box.default\">\n\t\t\t\t<div class=\"elementor-widget-container\">\n\t\t\t<div class=\"elementor-image-box-wrapper\"><div class=\"elementor-image-box-content\"><h3 class=\"elementor-image-box-title\">Dania z&nbsp;pasj\u0105<\/h3><p class=\"elementor-image-box-description\">Dzieki wieloletniemu do\u015bwiadczeniu kulinarnemu jeste\u015bmy w stanie sprosta\u0107 najwy\u017cszym wymaganiom naszych Go\u015bci. Nasz catering Mewa to&nbsp;po\u0142\u0105czenie zawsze \u015bwietnych sk\u0142adnik\u00f3w, fantastycznych smak\u00f3w z dba\u0142o\u015bci\u0105 o szczeg\u00f3\u0142y wykonania. W ramach us\u0142ug cateringowych oferujemy dania ciep\u0142e (zestawy obiadowe i przygotowane w formie szwedzkiego sto\u0142u), zimn\u0105 p\u0142yt\u0119, bufet sa\u0142atkowy, serwis kawowy oraz wiejski st\u00f3\u0142. Nasze us\u0142ugi obejmuj\u0105 r\u00f3wnie\u017c produkcj\u0119 i dostaw\u0119 ciast, tort\u00f3w i deser\u00f3w, kt\u00f3re podkre\u015bl\u0105 ka\u017cde wydarzenie. Dzi\u0119ki przygotowanemu przez&nbsp;nas cateringowi ka\u017cda uroczysto\u015b\u0107 stanie si\u0119 prawdziwa uczt\u0105 dla podniebienia.<\/p><\/div><\/div>\t\t<\/div>\n\t\t\t\t<\/div>\n\t\t\t\t\t<\/div>\n\t\t<\/div>\n\t\t\t\t\t\t\t<\/div>\n\t\t<\/section>\n\t\t\t\t\t<\/div>\n\t\t<\/div>\n\t\t\t\t<div class=\"elementor-column elementor-col-50 elementor-top-column elementor-element elementor-element-19865ca\" data-id=\"19865ca\" data-element_type=\"column\">\n\t\t\t<div class=\"elementor-widget-wrap elementor-element-populated\">\n\t\t\t\t\t\t\t\t<div class=\"elementor-element elementor-element-e978ac0 elementor-widget elementor-widget-image\" data-id=\"e978ac0\" data-element_type=\"widget\" data-widget_type=\"image.default\">\n\t\t\t\t<div class=\"elementor-widget-container\">\n\t\t\t\t\t\t\t\t\t\t\t\t\t\t\t<img loading=\"lazy\" decoding=\"async\" width=\"2560\" height=\"1440\" src=\"https:\/\/restauracja-mewa.pl\/wordpress\/wp-content\/uploads\/2022\/12\/20181231_185018-scaled.jpg\" class=\"attachment-full size-full\" alt=\"\" srcset=\"https:\/\/restauracja-mewa.pl\/wordpress\/wp-content\/uploads\/2022\/12\/20181231_185018-scaled.jpg 2560w, https:\/\/restauracja-mewa.pl\/wordpress\/wp-content\/uploads\/2022\/12\/20181231_185018-300x169.jpg 300w, https:\/\/restauracja-mewa.pl\/wordpress\/wp-content\/uploads\/2022\/12\/20181231_185018-1024x576.jpg 1024w, https:\/\/restauracja-mewa.pl\/wordpress\/wp-content\/uploads\/2022\/12\/20181231_185018-768x432.jpg 768w, https:\/\/restauracja-mewa.pl\/wordpress\/wp-content\/uploads\/2022\/12\/20181231_185018-1536x864.jpg 1536w, https:\/\/restauracja-mewa.pl\/wordpress\/wp-content\/uploads\/2022\/12\/20181231_185018-2048x1152.jpg 2048w\" sizes=\"auto, (max-width: 2560px) 100vw, 2560px\" \/>\t\t\t\t\t\t\t\t\t\t\t\t\t\t\t<\/div>\n\t\t\t\t<\/div>\n\t\t\t\t\t<\/div>\n\t\t<\/div>\n\t\t\t\t\t\t\t<\/div>\n\t\t<\/section>\n\t\t\t\t<section class=\"elementor-section elementor-top-section elementor-element elementor-element-c439781 elementor-hidden-mobile elementor-section-boxed elementor-section-height-default elementor-section-height-default qodef-elementor-content-no\" data-id=\"c439781\" data-element_type=\"section\" data-settings=\"{&quot;background_background&quot;:&quot;classic&quot;}\">\n\t\t\t\t\t\t\t<div class=\"elementor-background-overlay\"><\/div>\n\t\t\t\t\t\t\t<div class=\"elementor-container elementor-column-gap-no\">\n\t\t\t\t\t<div class=\"elementor-column elementor-col-100 elementor-top-column elementor-element elementor-element-c762d86\" data-id=\"c762d86\" data-element_type=\"column\">\n\t\t\t<div class=\"elementor-widget-wrap\">\n\t\t\t\t\t\t\t\t\t<\/div>\n\t\t<\/div>\n\t\t\t\t\t\t\t<\/div>\n\t\t<\/section>\n\t\t\t\t<section class=\"elementor-section elementor-top-section elementor-element elementor-element-0a85963 elementor-section-full_width elementor-section-content-middle elementor-section-height-default elementor-section-height-default qodef-elementor-content-no\" data-id=\"0a85963\" data-element_type=\"section\">\n\t\t\t\t\t\t<div class=\"elementor-container elementor-column-gap-no\">\n\t\t\t\t\t<div class=\"elementor-column elementor-col-50 elementor-top-column elementor-element elementor-element-980c137\" data-id=\"980c137\" data-element_type=\"column\">\n\t\t\t<div class=\"elementor-widget-wrap elementor-element-populated\">\n\t\t\t\t\t\t\t\t<div class=\"elementor-element elementor-element-8718dbf elementor-widget elementor-widget-image\" data-id=\"8718dbf\" data-element_type=\"widget\" data-widget_type=\"image.default\">\n\t\t\t\t<div class=\"elementor-widget-container\">\n\t\t\t\t\t\t\t\t\t\t\t\t\t\t\t<img loading=\"lazy\" decoding=\"async\" width=\"2560\" height=\"1441\" src=\"https:\/\/restauracja-mewa.pl\/wordpress\/wp-content\/uploads\/2024\/09\/20240902_164952-scaled.jpg\" class=\"attachment-full size-full\" alt=\"\" srcset=\"https:\/\/restauracja-mewa.pl\/wordpress\/wp-content\/uploads\/2024\/09\/20240902_164952-scaled.jpg 2560w, https:\/\/restauracja-mewa.pl\/wordpress\/wp-content\/uploads\/2024\/09\/20240902_164952-300x169.jpg 300w, https:\/\/restauracja-mewa.pl\/wordpress\/wp-content\/uploads\/2024\/09\/20240902_164952-1024x577.jpg 1024w, https:\/\/restauracja-mewa.pl\/wordpress\/wp-content\/uploads\/2024\/09\/20240902_164952-768x432.jpg 768w, https:\/\/restauracja-mewa.pl\/wordpress\/wp-content\/uploads\/2024\/09\/20240902_164952-1536x865.jpg 1536w, https:\/\/restauracja-mewa.pl\/wordpress\/wp-content\/uploads\/2024\/09\/20240902_164952-2048x1153.jpg 2048w\" sizes=\"auto, (max-width: 2560px) 100vw, 2560px\" \/>\t\t\t\t\t\t\t\t\t\t\t\t\t\t\t<\/div>\n\t\t\t\t<\/div>\n\t\t\t\t\t<\/div>\n\t\t<\/div>\n\t\t\t\t<div class=\"elementor-column elementor-col-50 elementor-top-column elementor-element elementor-element-35de731\" data-id=\"35de731\" data-element_type=\"column\">\n\t\t\t<div class=\"elementor-widget-wrap elementor-element-populated\">\n\t\t\t\t\t\t\t\t<section class=\"elementor-section elementor-inner-section elementor-element elementor-element-5cf860c elementor-section-boxed elementor-section-height-default elementor-section-height-default qodef-elementor-content-no\" data-id=\"5cf860c\" data-element_type=\"section\">\n\t\t\t\t\t\t<div class=\"elementor-container elementor-column-gap-no\">\n\t\t\t\t\t<div class=\"elementor-column elementor-col-100 elementor-inner-column elementor-element elementor-element-b6fd817\" data-id=\"b6fd817\" data-element_type=\"column\">\n\t\t\t<div class=\"elementor-widget-wrap elementor-element-populated\">\n\t\t\t\t\t\t\t\t<div class=\"elementor-element elementor-element-bd76c71 elementor-position-left elementor-widget__width-initial elementor-widget-mobile__width-inherit elementor-vertical-align-top elementor-widget elementor-widget-image-box\" data-id=\"bd76c71\" data-element_type=\"widget\" data-widget_type=\"image-box.default\">\n\t\t\t\t<div class=\"elementor-widget-container\">\n\t\t\t<div class=\"elementor-image-box-wrapper\"><div class=\"elementor-image-box-content\"><h3 class=\"elementor-image-box-title\">Pyszne posi\u0142ki z dowozem<\/h3><p class=\"elementor-image-box-description\">Nasza oferta to tak\u017ce pyszne dania na wynos, kt\u00f3re ka\u017cdego dnia rozwozimy na terenie ca\u0142ego Nowego S\u0105cza. Domowe jedzenie na dow\u00f3z to gwarancja ciep\u0142ego i smacznego dania z dostarczeniem do domu lub do miejsca pracy. Wystarczy zadzwoni\u0107 do naszej restauracji i zam\u00f3wi\u0107 wybran\u0105 pozycj\u0119 z menu, by ju\u017c niebawem cieszy\u0107 si\u0119 smacznym domowym posi\u0142kiem. Od poniedzia\u0142ku do pi\u0105tku przygotowywany jest r\u00f3wnie\u017c zestaw dnia (zupa, drugie danie), czyli pe\u0142nowarto\u015bciowy posi\u0142ek w korzystnej cenie. Ka\u017cde zam\u00f3wienie starannie pakujemy, aby jako\u015b\u0107 dostarczonych potraw by\u0142a na r\u00f3wnie wysokim poziomie co dania spo\u017cywane w restauracji.<\/p><\/div><\/div>\t\t<\/div>\n\t\t\t\t<\/div>\n\t\t\t\t\t<\/div>\n\t\t<\/div>\n\t\t\t\t\t\t\t<\/div>\n\t\t<\/section>\n\t\t\t\t\t<\/div>\n\t\t<\/div>\n\t\t\t\t\t\t\t<\/div>\n\t\t<\/section>\n\t\t\t\t<section class=\"elementor-section elementor-top-section elementor-element elementor-element-3ffb947 elementor-hidden-mobile elementor-section-boxed elementor-section-height-default elementor-section-height-default qodef-elementor-content-no\" data-id=\"3ffb947\" data-element_type=\"section\" data-settings=\"{&quot;background_background&quot;:&quot;classic&quot;}\">\n\t\t\t\t\t\t\t<div class=\"elementor-background-overlay\"><\/div>\n\t\t\t\t\t\t\t<div class=\"elementor-container elementor-column-gap-no\">\n\t\t\t\t\t<div class=\"elementor-column elementor-col-100 elementor-top-column elementor-element elementor-element-6fc334f\" data-id=\"6fc334f\" data-element_type=\"column\">\n\t\t\t<div class=\"elementor-widget-wrap\">\n\t\t\t\t\t\t\t\t\t<\/div>\n\t\t<\/div>\n\t\t\t\t\t\t\t<\/div>\n\t\t<\/section>\n\t\t\t\t<section class=\"elementor-section elementor-top-section elementor-element elementor-element-57ddb81 elementor-section-full_width elementor-section-content-middle elementor-reverse-mobile elementor-section-height-default elementor-section-height-default qodef-elementor-content-no\" data-id=\"57ddb81\" data-element_type=\"section\">\n\t\t\t\t\t\t<div class=\"elementor-container elementor-column-gap-no\">\n\t\t\t\t\t<div class=\"elementor-column elementor-col-100 elementor-top-column elementor-element elementor-element-6d382a4\" data-id=\"6d382a4\" data-element_type=\"column\">\n\t\t\t<div class=\"elementor-widget-wrap elementor-element-populated\">\n\t\t\t\t\t\t\t\t<div class=\"elementor-element elementor-element-12b69a1 elementor-widget elementor-widget-heading\" data-id=\"12b69a1\" data-element_type=\"widget\" data-widget_type=\"heading.default\">\n\t\t\t\t<div class=\"elementor-widget-container\">\n\t\t\t<h2 class=\"elementor-heading-title elementor-size-default\">Zapraszamy do sk\u0142adania zam\u00f3wie\u0144<\/h2>\t\t<\/div>\n\t\t\t\t<\/div>\n\t\t\t\t<div class=\"elementor-element elementor-element-59146ec elementor-widget elementor-widget-heading\" data-id=\"59146ec\" data-element_type=\"widget\" data-widget_type=\"heading.default\">\n\t\t\t\t<div class=\"elementor-widget-container\">\n\t\t\t<h5 class=\"elementor-heading-title elementor-size-default\">Telefon +48 500 415 452<\/h5>\t\t<\/div>\n\t\t\t\t<\/div>\n\t\t\t\t\t<\/div>\n\t\t<\/div>\n\t\t\t\t\t\t\t<\/div>\n\t\t<\/section>\n\t\t\t\t\t\t\t<\/div>\n\t\t","protected":false},"excerpt":{"rendered":"<p>Catering Nasza oferta Uzupe\u0142nieniem oferty restauracji jest us\u0142uga cateringowa z zapewnieniem kompleksowej obs\u0142ugi gastronomicznej dla Pa\u0144stwa wydarzenia. Specjalizujemy si\u0119 w&nbsp;przygotowaniu niepowtarzalnych przyj\u0119\u0107, kt\u00f3re indywidualnie dopasowujemy do potrzeb i&nbsp;okoliczno\u015bci naszych Klient\u00f3w. Organizujemy zar\u00f3wno kameralne przyj\u0119cia rodzinne, jak r\u00f3wnie\u017c bankiety firmowe. Nasza oferta obejmuje&nbsp;doradztwo w&nbsp;dopasowaniu menu stosownie do&nbsp;charakteru imprezy, upodoba\u0144 oraz ilosci go\u015bci. Dodatkowo oferujemy pe\u0142n\u0105, profesjonaln\u0105 &hellip;<\/p>\n<p class=\"read-more\"> <a class=\"\" href=\"https:\/\/restauracja-mewa.pl\/wordpress\/catering\/\"> <span class=\"screen-reader-text\">Catering<\/span> Read More &raquo;<\/a><\/p>\n","protected":false},"author":1,"featured_media":0,"parent":0,"menu_order":0,"comment_status":"closed","ping_status":"closed","template":"","meta":{"site-sidebar-layout":"no-sidebar","site-content-layout":"page-builder","ast-global-header-display":"","ast-main-header-display":"","ast-hfb-above-header-display":"","ast-hfb-below-header-display":"","ast-hfb-mobile-header-display":"","site-post-title":"disabled","ast-breadcrumbs-content":"","ast-featured-img":"disabled","footer-sml-layout":"","theme-transparent-header-meta":"enabled","adv-header-id-meta":"","stick-header-meta":"","header-above-stick-meta":"","header-main-stick-meta":"","header-below-stick-meta":"","footnotes":""},"class_list":["post-647","page","type-page","status-publish","hentry"],"uagb_featured_image_src":{"full":false,"thumbnail":false,"medium":false,"medium_large":false,"large":false,"1536x1536":false,"2048x2048":false,"qode_essential_addons_image_size_square":false,"qode_essential_addons_image_size_landscape":false,"qode_essential_addons_image_size_portrait":false,"qode_essential_addons_image_size_huge-square":false},"uagb_author_info":{"display_name":"pwan","author_link":"https:\/\/restauracja-mewa.pl\/wordpress\/author\/pwan\/"},"uagb_comment_info":0,"uagb_excerpt":"Catering Nasza oferta Uzupe\u0142nieniem oferty restauracji jest us\u0142uga cateringowa z zapewnieniem kompleksowej obs\u0142ugi gastronomicznej dla Pa\u0144stwa wydarzenia. Specjalizujemy si\u0119 w&nbsp;przygotowaniu niepowtarzalnych przyj\u0119\u0107, kt\u00f3re indywidualnie dopasowujemy do potrzeb i&nbsp;okoliczno\u015bci naszych Klient\u00f3w. Organizujemy zar\u00f3wno kameralne przyj\u0119cia rodzinne, jak r\u00f3wnie\u017c bankiety firmowe. Nasza oferta obejmuje&nbsp;doradztwo w&nbsp;dopasowaniu menu stosownie do&nbsp;charakteru imprezy, upodoba\u0144 oraz ilosci go\u015bci. Dodatkowo oferujemy pe\u0142n\u0105, profesjonaln\u0105&hellip;","_links":{"self":[{"href":"https:\/\/restauracja-mewa.pl\/wordpress\/wp-json\/wp\/v2\/pages\/647","targetHints":{"allow":["GET"]}}],"collection":[{"href":"https:\/\/restauracja-mewa.pl\/wordpress\/wp-json\/wp\/v2\/pages"}],"about":[{"href":"https:\/\/restauracja-mewa.pl\/wordpress\/wp-json\/wp\/v2\/types\/page"}],"author":[{"embeddable":true,"href":"https:\/\/restauracja-mewa.pl\/wordpress\/wp-json\/wp\/v2\/users\/1"}],"replies":[{"embeddable":true,"href":"https:\/\/restauracja-mewa.pl\/wordpress\/wp-json\/wp\/v2\/comments?post=647"}],"version-history":[{"count":31,"href":"https:\/\/restauracja-mewa.pl\/wordpress\/wp-json\/wp\/v2\/pages\/647\/revisions"}],"predecessor-version":[{"id":1080,"href":"https:\/\/restauracja-mewa.pl\/wordpress\/wp-json\/wp\/v2\/pages\/647\/revisions\/1080"}],"wp:attachment":[{"href":"https:\/\/restauracja-mewa.pl\/wordpress\/wp-json\/wp\/v2\/media?parent=647"}],"curies":[{"name":"wp","href":"https:\/\/api.w.org\/{rel}","templated":true}]}}